{"id":233,"date":"2019-03-26T11:45:43","date_gmt":"2019-03-26T11:45:43","guid":{"rendered":"https:\/\/pdusbook.com\/?post_type=product&#038;p=233"},"modified":"2019-05-28T11:28:06","modified_gmt":"2019-05-28T11:28:06","slug":"el-color-negro-mola","status":"publish","type":"product","link":"https:\/\/pdusbook.com\/?product=el-color-negro-mola","title":{"rendered":"EL COLOR NEGRO MOLA"},"content":{"rendered":"<p>El color negro se revela, est\u00e1 cansado de ser el color del enfado, del miedo, de la oscuridad y de los malos. Est\u00e1 enamorado del arco\u00edris y su sue\u00f1o es formar parte de aquellos brillantes colores. \u00bfLo conseguir\u00e1?<br \/>\n\u201cUn cuento para educar en valores, en la tolerancia, en la paz, y en como la diversidad nos enriquece. No importa el color, todos tenemos miedos, amores y sue\u00f1os\u201d.<br \/>\nDescubre m\u00e1s sobre \u201cEl color negro mola\u201d y desc\u00e1rgate recursos gratis para favorecer la creatividad y divertirte \u00a1much\u00edsimo! en:<\/p>\n<p><a href=\"http:\/\/www.elcolornegromola.wordpress.com\">www.elcolornegromola.wordpress.com<\/a><\/p>\n<p><strong>Autora<\/strong>: Coni La Grotteria<br \/>\n<strong>Ilustrado por:<\/strong> Laura Pereda<br \/>\n<strong>Formato<\/strong>: 24 x 24 cm<br \/>\n<strong>P\u00e1ginas<\/strong>: 32.<br \/>\n<strong>Encuadernaci\u00f3n<\/strong>: Tapa dura<br \/>\n<strong>Idioma<\/strong>: Castellano<br \/>\n<strong>ISBN<\/strong>: 978-84-947481-6-5<br \/>\n<strong>Precio<\/strong>: 14,95 \u20ac<br \/>\n<strong>Materia<\/strong>: Cuento Infantil<\/p>\n<p><a href=\"https:\/\/www.amazon.es\/color-negro-mola-Coni-Grotteria\/dp\/8494748165\/ref=sr_1_1?__mk_es_ES=%C3%85M%C3%85%C5%BD%C3%95%C3%91&amp;keywords=el+color+negro+mola&amp;qid=1559042843&amp;s=gateway&amp;sr=8-1\"><img loading=\"lazy\" class=\"alignnone  wp-image-284\" src=\"https:\/\/pdusbook.com\/wp-content\/uploads\/2019\/05\/amazon-logo_ES_black-300x145.jpg\" alt=\"\" width=\"186\" height=\"88\" \/><\/a><\/p>\n","protected":false},"excerpt":{"rendered":"<p>El color negro se revela, est\u00e1 cansado de ser el color del enfado, del miedo, de la oscuridad y de los malos. Est\u00e1 enamorado del arco\u00edris y su sue\u00f1o es formar parte de aquellos brillantes colores. \u00bfLo conseguir\u00e1? \u201cUn cuento para educar en valores, en la tolerancia, en la paz, y en como la diversidad [&hellip;]<\/p>\n","protected":false},"featured_media":234,"template":"","meta":[],"_links":{"self":[{"href":"https:\/\/pdusbook.com\/index.php?rest_route=\/wp\/v2\/product\/233"}],"collection":[{"href":"https:\/\/pdusbook.com\/index.php?rest_route=\/wp\/v2\/product"}],"about":[{"href":"https:\/\/pdusbook.com\/index.php?rest_route=\/wp\/v2\/types\/product"}],"wp:featuredmedia":[{"embeddable":true,"href":"https:\/\/pdusbook.com\/index.php?rest_route=\/wp\/v2\/media\/234"}],"wp:attachment":[{"href":"https:\/\/pdusbook.com\/index.php?rest_route=%2Fwp%2Fv2%2Fmedia&parent=233"}],"curies":[{"name":"wp","href":"https:\/\/api.w.org\/{rel}","templated":true}]}}

<p>El color negro se revela, está cansado de ser el color del enfado, del miedo, de la oscuridad y de los malos. Está enamorado del arcoíris y su sueño es formar parte de aquellos brillantes colores. ¿Lo conseguirá?<br />
“Un cuento para educar en valores, en la tolerancia, en la paz, y en como la diversidad nos enriquece. No importa el color, todos tenemos miedos, amores y sueños”.<br />
Descubre más sobre “El color negro mola” y descárgate recursos gratis para favorecer la creatividad y divertirte ¡muchísimo! en:</p>
<p><a href="http://www.elcolornegromola.wordpress.com">www.elcolornegromola.wordpress.com</a></p>
<p><strong>Autora</strong>: Coni La Grotteria<br />
<strong>Ilustrado por:</strong> Laura Pereda<br />
<strong>Formato</strong>: 24 x 24 cm<br />
<strong>Páginas</strong>: 32.<br />
<strong>Encuadernación</strong>: Tapa dura<br />
<strong>Idioma</strong>: Castellano<br />
<strong>ISBN</strong>: 978-84-947481-6-5<br />
<strong>Precio</strong>: 14,95 €<br />
<strong>Materia</strong>: Cuento Infantil</p>
<p><a href="https://www.amazon.es/color-negro-mola-Coni-Grotteria/dp/8494748165/ref=sr_1_1?__mk_es_ES=%C3%85M%C3%85%C5%BD%C3%95%C3%91&amp;keywords=el+color+negro+mola&amp;qid=1559042843&amp;s=gateway&amp;sr=8-1"><img loading="lazy" class="alignnone  wp-image-284" src="https://pdusbook.com/wp-content/uploads/2019/05/amazon-logo_ES_black-300x145.jpg" alt="" width="186" height="88" /></a></p>

<p>El color negro se revela, está cansado de ser el color del enfado, del miedo, de la oscuridad y de los malos. Está enamorado del arcoíris y su sueño es formar parte de aquellos brillantes colores. ¿Lo conseguirá? “Un cuento para educar en valores, en la tolerancia, en la paz, y en como la diversidad [&hellip;]</p>
