{"id":235,"date":"2018-03-26T12:44:51","date_gmt":"2018-03-26T12:44:51","guid":{"rendered":"https:\/\/pdusbook.com\/?post_type=product&#038;p=235"},"modified":"2019-05-28T11:20:42","modified_gmt":"2019-05-28T11:20:42","slug":"corazon-de-mar","status":"publish","type":"product","link":"https:\/\/pdusbook.com\/?product=corazon-de-mar","title":{"rendered":"CORAZ\u00d3N DE MAR"},"content":{"rendered":"<p>Se cuenta que Aline, una joven gallega que vive con su padre en una modesta casa de un pueblo costero, posee un extraordinario don; es capaz de retratar el alma humana en sus pinturas. Sus retratos le permiten ganar unos ingresos que les ayudan a sobrevivir, a pesar de que en la villa no est\u00e1 bien visto que una mujer se dedique a la pintura. Su fama se va extendiendo cada vez m\u00e1s. Un d\u00eda, un terrateniente gallego llamado Rom\u00e1n, no duda en encargarle un retrato, pero Aline sufre una mala experiencia con \u00e9l que la deja marcada.<\/p>\n<p>Pasado el tiempo, el conde John Saunders, un ingl\u00e9s amante del mar afincado en un pazo gallego conocido como \u201cVagalume\u201d, tiene oportunidad de ver sus pinturas, y al igual que hizo Rom\u00e1n, le encarga un retrato. John\u00a0 invita a Aline a instalarse en el pazo, donde se quedar\u00e1 hasta terminarlo. All\u00ed, arriesg\u00e1ndose a ser descubierta, la curiosidad de Aline la empuja a investigar y descubrir algunos secretos que oculta el conde.<\/p>\n<p>Tanto John como Aline cargan con un pasado a sus espaldas que les dej\u00f3 profundas cicatrices. Lo \u00faltimo que necesitan es enamorarse, pero no pueden evitar que el oc\u00e9ano una sus corazones, y que entre ambos comience a forjarse un v\u00ednculo. Lo que no esperan, es que su oscuro pasado regrese para atormentarlos. \u00bfLograr\u00e1n superar todas las vicisitudes? \u00bfPodr\u00e1 su amor salvarlos?<\/p>\n<p><strong>Autora<\/strong>: CHRISTINE CARLSON<br \/>\n126 p\u00e1gs.<br \/>\n<strong>Encuadernaci\u00f3n<\/strong>: R\u00fastica<br \/>\n<strong>Idioma<\/strong>: Castellano<br \/>\n<strong>ISBN<\/strong>: 978-84-944151-1-1<br \/>\n<strong>Precio<\/strong>: 6,90 \u20ac<br \/>\n<strong>IBIC<\/strong>: FR<\/p>\n","protected":false},"excerpt":{"rendered":"<p>Se cuenta que Aline, una joven gallega que vive con su padre en una modesta casa de un pueblo costero, posee un extraordinario don; es capaz de retratar el alma humana en sus pinturas. Sus retratos le permiten ganar unos ingresos que les ayudan a sobrevivir, a pesar de que en la villa no est\u00e1 [&hellip;]<\/p>\n","protected":false},"featured_media":236,"template":"","meta":[],"_links":{"self":[{"href":"https:\/\/pdusbook.com\/index.php?rest_route=\/wp\/v2\/product\/235"}],"collection":[{"href":"https:\/\/pdusbook.com\/index.php?rest_route=\/wp\/v2\/product"}],"about":[{"href":"https:\/\/pdusbook.com\/index.php?rest_route=\/wp\/v2\/types\/product"}],"wp:featuredmedia":[{"embeddable":true,"href":"https:\/\/pdusbook.com\/index.php?rest_route=\/wp\/v2\/media\/236"}],"wp:attachment":[{"href":"https:\/\/pdusbook.com\/index.php?rest_route=%2Fwp%2Fv2%2Fmedia&parent=235"}],"curies":[{"name":"wp","href":"https:\/\/api.w.org\/{rel}","templated":true}]}}