{"id":300,"date":"2015-05-31T09:58:44","date_gmt":"2015-05-31T09:58:44","guid":{"rendered":"https:\/\/pdusbook.com\/?post_type=product&#038;p=300"},"modified":"2019-05-31T10:00:20","modified_gmt":"2019-05-31T10:00:20","slug":"aventura-en-el-bosque-proceloso","status":"publish","type":"product","link":"https:\/\/pdusbook.com\/?product=aventura-en-el-bosque-proceloso","title":{"rendered":"AVENTURA EN EL BOSQUE PROCELOSO"},"content":{"rendered":"<p>\u201cAVENTURA EN EL BOSQUE PROCELOSO\u201d es un bonito cuento muy divertido que anima a la superaci\u00f3n, ya que la creadora de sus dibujos (MAGA: Mar\u00eda Garc\u00eda A\u00f1\u00f3n*) tiene incapacitadas sus manos, por lo que se ha empleado \u00fanicamente para su realizaci\u00f3n un dedo y ayud\u00e1ndose con la boca.<br \/>\nEl presente relato ayuda a: memorizar, establecer relaciones, imaginar, sumar, fomentar sentimientos de solidaridad y amistad.<br \/>\nDedicado a todos los ni\u00f1os y viejitos, y tambi\u00e9n a los del medio; pero especialmente a los enfermos que utilizan la imaginaci\u00f3n para superar el dolor.<br \/>\nMar\u00eda Garcia A\u00f1\u00f3n, es coautora del texto de este cuento junto a Rafael Candel Portell.<br \/>\nEl cuento incluye un Cd con el cuento narrado por la autora.<\/p>\n<p><strong>EL BOSQUE PROCELOSO<\/strong><br \/>\nAutora: Mar\u00eda Garc\u00eda A\u00f1\u00f3n \/ Rafael Candel Portell<br \/>\nIlustraciones: Mar\u00eda Garc\u00eda A\u00f1\u00f3n<br \/>\nFormato: 21 x 21<br \/>\n48 p\u00e1gs.<br \/>\nEncuadernaci\u00f3n: Tapa dura<br \/>\nIdioma: Castellano<br \/>\nIncluye CD con el cuento en audio narrado por la autora<br \/>\nISBN: 978-84-943379-5-6<br \/>\nPrecio: 14 \u20ac<br \/>\nIBIC: YN<br \/>\nMateria: Cuento Infantil<\/p>\n","protected":false},"excerpt":{"rendered":"<p>\u201cAVENTURA EN EL BOSQUE PROCELOSO\u201d es un bonito cuento muy divertido que anima a la superaci\u00f3n, ya que la creadora de sus dibujos (MAGA: Mar\u00eda Garc\u00eda A\u00f1\u00f3n*) tiene incapacitadas sus manos, por lo que se ha empleado \u00fanicamente para su realizaci\u00f3n un dedo y ayud\u00e1ndose con la boca. El presente relato ayuda a: memorizar, establecer [&hellip;]<\/p>\n","protected":false},"featured_media":301,"template":"","meta":[],"_links":{"self":[{"href":"https:\/\/pdusbook.com\/index.php?rest_route=\/wp\/v2\/product\/300"}],"collection":[{"href":"https:\/\/pdusbook.com\/index.php?rest_route=\/wp\/v2\/product"}],"about":[{"href":"https:\/\/pdusbook.com\/index.php?rest_route=\/wp\/v2\/types\/product"}],"wp:featuredmedia":[{"embeddable":true,"href":"https:\/\/pdusbook.com\/index.php?rest_route=\/wp\/v2\/media\/301"}],"wp:attachment":[{"href":"https:\/\/pdusbook.com\/index.php?rest_route=%2Fwp%2Fv2%2Fmedia&parent=300"}],"curies":[{"name":"wp","href":"https:\/\/api.w.org\/{rel}","templated":true}]}}

<p>“AVENTURA EN EL BOSQUE PROCELOSO” es un bonito cuento muy divertido que anima a la superación, ya que la creadora de sus dibujos (MAGA: María García Añón*) tiene incapacitadas sus manos, por lo que se ha empleado únicamente para su realización un dedo y ayudándose con la boca.<br />
El presente relato ayuda a: memorizar, establecer relaciones, imaginar, sumar, fomentar sentimientos de solidaridad y amistad.<br />
Dedicado a todos los niños y viejitos, y también a los del medio; pero especialmente a los enfermos que utilizan la imaginación para superar el dolor.<br />
María Garcia Añón, es coautora del texto de este cuento junto a Rafael Candel Portell.<br />
El cuento incluye un Cd con el cuento narrado por la autora.</p>
<p><strong>EL BOSQUE PROCELOSO</strong><br />
Autora: María García Añón / Rafael Candel Portell<br />
Ilustraciones: María García Añón<br />
Formato: 21 x 21<br />
48 págs.<br />
Encuadernación: Tapa dura<br />
Idioma: Castellano<br />
Incluye CD con el cuento en audio narrado por la autora<br />
ISBN: 978-84-943379-5-6<br />
Precio: 14 €<br />
IBIC: YN<br />
Materia: Cuento Infantil</p>

<p>“AVENTURA EN EL BOSQUE PROCELOSO” es un bonito cuento muy divertido que anima a la superación, ya que la creadora de sus dibujos (MAGA: María García Añón*) tiene incapacitadas sus manos, por lo que se ha empleado únicamente para su realización un dedo y ayudándose con la boca. El presente relato ayuda a: memorizar, establecer [&hellip;]</p>
