{"id":308,"date":"2019-05-31T10:27:06","date_gmt":"2019-05-31T10:27:06","guid":{"rendered":"https:\/\/pdusbook.com\/?post_type=product&#038;p=308"},"modified":"2019-05-31T10:27:06","modified_gmt":"2019-05-31T10:27:06","slug":"memoria-de-la-indigancio","status":"publish","type":"product","link":"https:\/\/pdusbook.com\/?product=memoria-de-la-indigancio","title":{"rendered":"MEM\u00d2RIA DE LA INDIGANCI\u00d3"},"content":{"rendered":"<p>Aquest llibre \u00e9s un recull d\u2019articles publicats entre 2012 i 2019 a El Punt Avui, l\u2019Unilateral i l\u2019Opiniosocialdemocrata.cat que constitueixen un rep\u00e0s de l\u2019activitat pol\u00edtica amb una visi\u00f3 cr\u00edtica.<br \/>\nEl fet rellevant de la manca de di\u00e0leg pol\u00edtic per resoldre les difer\u00e8ncies entre Catalunya i Espanya i donar sortida a les aspiracions catalanes va conduir a la DUI, sense preveure la reacci\u00f3 de l\u2019Estat espanyol coneguda el 27 d\u2019octubre de 2017.<br \/>\nLa publicaci\u00f3 d\u2019aquest llibre coincideix amb l\u2019anunci de la davallada de la dreta conservadora catalana en proper moment electoral i, la pugna entitats i partits. A Catalunya el PSC que ha sabut aglutinar partidaris i detractors de l\u2018aplicaci\u00f3 extensiva de l\u2019article 155 de la Constituci\u00f3, mentre Esquerra Republicana de Catalunya recobra embranzida i pot passar a ser el partit de govern.<br \/>\nEl factor clau ser\u00e0 la persist\u00e8ncia en el republicanisme que abracen, ara si majorit\u00e0riament els catalans, malgrat l\u2019ambival\u00e8ncia de molts pol\u00edtics catalans de dretes i d\u2019esquerres que van acceptar la monarquia, i mai es van manifestar contraris a la instituci\u00f3 mon\u00e0rquica.<br \/>\nAquesta democr\u00e0cia en els temps actuals no permet l\u2019assaig de r\u00e8gims, sin\u00f3 que cal aprofundir en la democr\u00e0cia participativa i els serveis socials.<br \/>\nVivim moments d\u2019indignaci\u00f3 i de resili\u00e8ncia davant l\u2019actitud de l\u2019Estat, el negacionisme continuat i la persecuci\u00f3, com si de criminals es tract\u00e9s, dels dirigents pol\u00edtics catalans empresonats per donar compliment al mandat del poble. Aquest llibre raona com Catalunya \u00e9s de nou a la cru\u00eflla i est\u00e0 obligada a redefinir la seva estrat\u00e8gia per convertir-se en rep\u00fablica.<\/p>\n<p><strong>Mem\u00f2ria de la Indignaci\u00f3<\/strong><br \/>\nAutor: Pau Miserachs<br \/>\nFormat: 15 x 21 cm<br \/>\n458 p\u00e1gs.<br \/>\nEncuadernaci\u00f3: R\u00fastica<br \/>\nIdioma: Catal\u00e0<br \/>\nISBN:  978-84-120172-0-5<br \/>\nPreu: 20,00 \u20ac<br \/>\nPeriodisme \/ Pol\u00edtica<\/p>\n","protected":false},"excerpt":{"rendered":"<p>Aquest llibre \u00e9s un recull d\u2019articles publicats entre 2012 i 2019 a El Punt Avui, l\u2019Unilateral i l\u2019Opiniosocialdemocrata.cat que constitueixen un rep\u00e0s de l\u2019activitat pol\u00edtica amb una visi\u00f3 cr\u00edtica. El fet rellevant de la manca de di\u00e0leg pol\u00edtic per resoldre les difer\u00e8ncies entre Catalunya i Espanya i donar sortida a les aspiracions catalanes va conduir [&hellip;]<\/p>\n","protected":false},"featured_media":309,"template":"","meta":[],"_links":{"self":[{"href":"https:\/\/pdusbook.com\/index.php?rest_route=\/wp\/v2\/product\/308"}],"collection":[{"href":"https:\/\/pdusbook.com\/index.php?rest_route=\/wp\/v2\/product"}],"about":[{"href":"https:\/\/pdusbook.com\/index.php?rest_route=\/wp\/v2\/types\/product"}],"wp:featuredmedia":[{"embeddable":true,"href":"https:\/\/pdusbook.com\/index.php?rest_route=\/wp\/v2\/media\/309"}],"wp:attachment":[{"href":"https:\/\/pdusbook.com\/index.php?rest_route=%2Fwp%2Fv2%2Fmedia&parent=308"}],"curies":[{"name":"wp","href":"https:\/\/api.w.org\/{rel}","templated":true}]}}